(w) = w**2 + 5*w - 60. What is s(6)?
6
Let p(i) = i**3 + 10*i**2 + 8*i - 16. Determine p(-9).
-7
Let k(b) = -b**3 - 11*b**2 + 14*b + 8. Give k(-12).
-16
Let l(x) = -x**3 - 15*x**2 - 16*x - 19. Give l(-14).
9
Let n(u) = -2*u - 9. Give n(-6).
3
Let i(p) = p**2 - 22*p - 99. Determine i(26).
5
Let c(r) = -r**3 + 4*r**2 + r + 11. Determine c(5).
-9
Let p(o) = -o**2 - 8*o + 2. Calculate p(-4).
18
Let x(d) = -d**2 - 33*d - 272. What is x(-19)?
-6
Let x(v) = v**2 + v + 8. Determine x(-6).
38
Let f(q) = -2*q**2 - 20*q - 64. Calculate f(-7).
-22
Let g(o) = o**2 + 6*o + 5. What is g(-4)?
-3
Let w(d) = d**2 + 9*d + 9. Determine w(-8).
1
Let j(g) = g**3 + 5*g**2 - 11*g - 17. Determine j(-6).
13
Let o(t) = 2*t**3 + 14*t**2 - 15*t + 13. Determine o(-8).
5
Let p(y) = 14*y + 5. Calculate p(-1).
-9
Let o(c) = -9*c**2 + c - 5. What is o(-3)?
-89
Let l(u) = u**2 + 18*u + 81. What is l(-10)?
1
Let s(r) = r**2 - 3*r - 20. What is s(-3)?
-2
Let m(y) = -y**3 - 8*y**2 - 7*y - 2. Calculate m(-7).
-2
Let u(v) = 2*v**2 - 9*v + 7. What is u(5)?
12
Let r(z) = -5*z - 10. Give r(-4).
10
Let g(q) = 2*q**2 - q - 1. Give g(3).
14
Let r(b) = -b - 3. Calculate r(-2).
-1
Let s(r) = r**3 - 3*r**2 - 5*r + 3. What is s(5)?
28
Let a(b) = -9*b - 166. Give a(-18).
-4
Let d(l) = 2*l**2 + 5*l + 29. Give d(-4).
41
Let b(c) = 14*c - 15. Determine b(2).
13
Let c(z) = -z**2 - 22*z + 129. Determine c(-27).
-6
Let j(r) = -r**2 - 9*r + 7. Give j(-12).
-29
Let q(a) = 3*a**2 + 43*a. Give q(-14).
-14
Let l(x) = x - 8. What is l(10)?
2
Let h(t) = t**3 - 7*t**2 + 13*t + 4. Give h(6).
46
Let k(l) = 31*l - 11. What is k(3)?
82
Let u(n) = -n**2 - 14*n - 16. Determine u(-7).
33
Let n(s) = s**3 - 3*s**2 - s + 2. Calculate n(4).
14
Let m(z) = -2*z**2 + 3*z + 103. Calculate m(8).
-1
Let o(h) = h**2 + 9*h. Calculate o(-5).
-20
Let f(l) = -l - 3. Determine f(-11).
8
Let u(q) = 2*q**2 - 21*q + 16. Determine u(8).
-24
Let p(o) = -o**2 - 28*o - 86. What is p(-25)?
-11
Let k(u) = u + 43. Determine k(-46).
-3
Let h(t) = 69*t - 130. What is h(2)?
8
Let r(n) = 3*n**2 + 20*n - 22. Give r(-9).
41
Let v(r) = r**3 - r**2 - r - 40. Determine v(0).
-40
Let c(b) = -20*b - 5. Calculate c(1).
-25
Let a(z) = z**2 + 20*z - 29. Calculate a(-21).
-8
Let o(a) = 41*a - 538. Give o(13).
-5
Let i(x) = -3*x + 10. Determine i(6).
-8
Let r(l) = -l**3 - 11*l**2 + 12*l + 10. Give r(-12).
10
Let f(r) = 3*r + 20. Determine f(-11).
-13
Let n(c) = -c - 28. Calculate n(-28).
0
Let n(w) = -2*w**2 - 16*w - 7. What is n(-8)?
-7
Let u(i) = -11*i + 19. What is u(0)?
19
Let z(q) = -4*q**2 - 10*q + 8. Calculate z(-4).
-16
Let b(z) = 7*z + 39. Give b(-8).
-17
Let n(m) = -8*m**3 - m**2 - m + 1. Give n(1).
-9
Let z(i) = -i**2 - 20*i - 5. What is z(0)?
-5
Let j(g) = g**3 + 8*g**2 + 7*g - 2. Determine j(-7).
-2
Let y(p) = p**2 - p. Determine y(-5).
30
Let u(x) = -x**3 + 5*x**2 + 11*x - 11. What is u(6)?
19
Let y(b) = -b**2 + 3. Determine y(-2).
-1
Let g(u) = u**3 + 7*u**2 + 3*u + 3. Calculate g(-6).
21
Let x(k) = -20*k**3 - 1. Calculate x(1).
-21
Let n(f) = -f**2 + 11*f - 9. Calculate n(1).
1
Let l(a) = -4*a**2 - 4*a - 3. Calculate l(-2).
-11
Let p(l) = l**2 + 4*l - 12. What is p(-5)?
-7
Let c(z) = z**3 + z**2 - z - 1. What is c(-1)?
0
Let l(h) = h**3 - 5*h**2 + 4*h + 2. Calculate l(3).
-4
Let p(z) = -5*z**2 + 28*z - 2. What is p(4)?
30
Let z(c) = 9*c + 27. Determine z(-13).
-90
Let c(p) = -7*p**3 + p**2 - 7*p - 7. Calculate c(-2).
67
Let d(c) = c**2 + c + 4. Determine d(-4).
16
Let p(y) = -y**2 + 1. Calculate p(2).
-3
Let c(y) = y**3 - 4*y**2 - 2*y + 10. What is c(3)?
-5
Let s(b) = -b**2 - b - 2. Give s(1).
-4
Let l(y) = 2*y - 6. Determine l(-5).
-16
Let m(h) = h**3 - 6*h**2 + h - 30. Determine m(7).
26
Let i(p) = -p**2 - 22*p + 33. Determine i(-27).
-102
Let s(b) = b**3 + 15*b**2 + 15*b - 18. Determine s(-14).
-32
Let g(h) = -h**2 + 8*h - 11. What is g(6)?
1
Let x(o) = -o**3 + 18*o**2 + 17*o + 57. Determine x(19).
19
Let p(h) = -6*h + 4. Give p(-3).
22
Let x(b) = b + 5. What is x(8)?
13
Let x(d) = -13*d + 14. Calculate x(-2).
40
Let d(q) = 4*q + 12. What is d(-6)?
-12
Let n(o) = 4*o + 18. What is n(-3)?
6
Let u(t) = t**2 - 17*t + 64. Determine u(4).
12
Let i(f) = f**2 + 17*f - 3. Determine i(-15).
-33
Let q(f) = f**3 + f**2 + 3*f - 9. Determine q(2).
9
Let i(j) = 6*j - 54. Determine i(10).
6
Let h(z) = 47*z - 670. Give h(14).
-12
Let y(t) = -2*t**2 + 4*t - 3. Calculate y(4).
-19
Let v(f) = -f**2 - 7*f + 7. Determine v(-7).
7
Let c(b) = b**3 + 15*b**2 - 19*b - 52. Give c(-16).
-4
Let c(b) = -2*b + 13. Determine c(4).
5
Let d(p) = p**2 + 6*p - 9. What is d(-7)?
-2
Let a(n) = 11*n + 255. Determine a(-23).
2
Let i(c) = c**2 + 8*c + 3. Calculate i(-5).
-12
Let j(l) = -7*l**2 + 30*l - 12. Give j(4).
-4
Let d(s) = s**2 + 14*s + 44. Give d(-4).
4
Let i(x) = x**3 + 20*x**2 + 40*x + 10. Give i(-17).
197
Let r(g) = g**2 - 31*g - 30. Give r(33).
36
Let i(w) = -w**3 + 64*w**2 - 123*w - 62. What is i(62)?
0
Let w(p) = 6*p + 24. Calculate w(-4).
0
Let l(a) = -a**3 + 5*a**2 - 9. Determine l(4).
7
Let i(l) = l**2 + 23*l + 3. Determine i(-23).
3
Let z(x) = -10*x + 157. Calculate z(15).
7
Let g(q) = 10*q - 48. Give g(4).
-8
Let w(g) = 6*g**2. Give w(1).
6
Let j(n) = n**2 - 4*n + 12. Calculate j(6).
24
Let d(t) = -t**2 + 18*t - 42. Calculate d(20).
-82
Let g(t) = t - 1. Determine g(7).
6
Let n(y) = y**3 - 5*y**2 - 3*y + 12. Determine n(-2).
-10
Let q(l) = 64*l**3 - l**2 - 2*l - 2. Calculate q(-1).
-65
Let r(d) = d**3 + 4*d**2 - 4*d - 3. Give r(-6).
-51
Let y(a) = 5*a - 15. Determine y(2).
-5
Let r(o) = o**3 + 5*o**2 - 5*o + 10. Determine r(-6).
4
Let y(k) = 33*k - 434. Give y(13).
-5
Let x(g) = 14*g**2 + 3*g + 6. Calculate x(-2).
56
Let z(a) = -2*a + 21. Give z(21).
-21
Let m(h) = -h**3 - 3*h**2 + 5*h + 1. What is m(-4)?
-3
Let g(l) = 15*l + 117. What is g(-8)?
-3
Let o(m) = -m**2 + 2*m - 6. Determine o(3).
-9
Let y(i) = -2*i**3 + 10*i**2 - 16*i + 41. What is y(4)?
9
Let s(k) = -k**3 - 10*k**2 + 2*k + 12. Determine s(-10).
-8
Let w(h) = 5*h**2 - 3*h + 3. What is w(-4)?
95
Let i(t) = -t**3 + 4*t**2 - 3*t + 20. Give i(5).
-20
Let w(r) = -r**3 - 7*r**2 - 25*r - 116. Calculate w(-6).
-2
Let k(w) = -w**3 - w**2 + w + 2. Give k(0).
2
Let d(i) = -i**3 - 11*i**2 - 9. Determine d(-11).
-9
Let q(k) = -k**3 + 13*k**2 - 24*k + 12. What is q(11)?
-10
Let i(v) = -v + 19. Calculate i(-13).
32
Let o(t) = -t**2 - 3*t + 5. Calculate o(-5).
-5
Let d(l) = 2*l**3 + 71*l**2 - 34*l + 38. What is d(-36)?
-34
Let k(o) = 2*o + 10. Determine k(5).
20
Let p(z) = -4*z**2 - 3*z + 5. What is p(2)?
-17
Let s(l) = -2*l - 64. What is s(-36)?
8
Let v(b) = b**2 - 23*b + 49. Determine v(7).
-63
Let a(f) = 106*f + 651. Calculate a(-6).
15
Let z(r) = -5*r - 5. Calculate z(-3).
10
Let q(h) = -h**3 + 41*h**2 - 78*h + 7. Calculate q(39).
7
Let v(c) = 2*c**2 + 3*c + 4. Give v(4).
48
Let g(z) = z**3 - 6*z**2 + 2*z. What is g(6)?
12
Let z(c) = 3*c**2 + 21*c - 6. Determine z(-7).
-6
Let a(s) = 2*s**2 + 5*s + 5. Give a(-2).
3
Let k(w) = 37*w + 5. Give k(-2).
-69
Let k(i) = -3*i**2 + i - 5. What is k(2)?
-15
Let k(w) = -16*w - 230. What is k(-13)?
-22
Let r(u) = u**3 + 12*u**2 - 2*u - 6. Calculate r(-12).
18
Let m(b) = -8*b**2 + 2*b. Calculate m(2).
-28
Let i(j) = j + 43. Give i(-36).
7
Let q(t) = -t**3 + 3*t**2 + 9*t + 7. What is q(5)?
2
Let u(l) = -2*l**2 - 2*l + 80. Determine u(-7).
-4
Let i(q) = -7*q - 89. Give i(-12).
-5
Let i(z) = -9*z + 13. Calculate i(7).
-50
Let s(b) = 6*b + 3. Calculate s(2).
15
Let t(i) = 6*i**3 - 4*i**2 - i - 1. What is t(2)?
29
Let m(b) = b**3 + 11*b**2 + 22*b + 17. What is m(-9)?
-19
Let q(s) = -s**3 - s**2 - 4*s - 7. Give q(0).
-7
Let c(i) = i**3 - 15*i**2 - 61*i + 130. Give c(18).
4
Let h(d) = -6*d**2 + 18*d - 31. Determine h(2).
-19
Let p(q) = -q**3 + 19*q**2 + 22*q - 39. Determine p(20).
1
Let l(x) = 2*x**2 - 2*x. What is l(1)?
0
Let d(x) = -2*x + 8. Calculate d(15).
-22
Let v(u) = 3*u**3 + 2*u**2 + 2*u + 3. Give v(-2).
-17
Let h(r) = -r**2 - 12. Determine h(0).
-12
Let k(n) = n**3 - 3*n**2 - 7*n + 6. What is k(4)?
-6
Let m(b) = -b**3 + 6*b**2 + 5*b - 4. Calculate m(5).
46
Let j(k) = k**3 + 11*k**2 + 9*k + 7. Determine j(-9).
88
Let m(h) = -h + 7. Calculate m(15).
-8
Let z(t) = -t**3 + t**2 + 19*t + 2. Calculate z(5).
-3
Let i(a) = -a**2 - 8*a + 1. What is i(-9)?
-8
Let f(q) = 6*